{"id":2571,"date":"2024-10-28T19:06:31","date_gmt":"2024-10-28T19:06:31","guid":{"rendered":"https:\/\/staging.livision-optika.com\/edukativni-centar\/?page_id=2571"},"modified":"2024-12-05T09:39:17","modified_gmt":"2024-12-05T09:39:17","slug":"impressum","status":"publish","type":"page","link":"https:\/\/livision-optika.com\/edukativni-centar\/impressum\/","title":{"rendered":"Impressum"},"content":{"rendered":"<p>[et_pb_section fb_built=&#8221;1&#8243; _builder_version=&#8221;4.24.2&#8243; _module_preset=&#8221;default&#8221; custom_padding=&#8221;0px||||false|false&#8221; da_disable_devices=&#8221;off|off|off&#8221; global_colors_info=&#8221;{}&#8221; da_is_popup=&#8221;off&#8221; da_exit_intent=&#8221;off&#8221; da_has_close=&#8221;on&#8221; da_alt_close=&#8221;off&#8221; da_dark_close=&#8221;off&#8221; da_not_modal=&#8221;on&#8221; da_is_singular=&#8221;off&#8221; da_with_loader=&#8221;off&#8221; da_has_shadow=&#8221;on&#8221;][et_pb_row _builder_version=&#8221;4.24.2&#8243; _module_preset=&#8221;default&#8221; width=&#8221;82%&#8221; max_width=&#8221;1893px&#8221; global_colors_info=&#8221;{}&#8221;][et_pb_column type=&#8221;4_4&#8243; _builder_version=&#8221;4.24.2&#8243; _module_preset=&#8221;default&#8221; global_colors_info=&#8221;{}&#8221;][et_pb_text _builder_version=&#8221;4.24.2&#8243; _module_preset=&#8221;default&#8221; text_font=&#8221;DINX|700|||||||&#8221; text_text_color=&#8221;#000000&#8243; text_font_size=&#8221;31px&#8221; global_colors_info=&#8221;{}&#8221;]<\/p>\n<p>Impressum<\/p>\n<p>[\/et_pb_text][et_pb_text _builder_version=&#8221;4.24.2&#8243; _module_preset=&#8221;default&#8221; text_font=&#8221;DINX||||||||&#8221; text_text_color=&#8221;#000000&#8243; text_font_size=&#8221;18px&#8221; global_colors_info=&#8221;{}&#8221;]<\/p>\n<p><strong>Glavni urednik:<\/strong><br \/><span>bc. Livio Svr\u017enjak, optometrist<\/span><\/p>\n<p><strong>Ostali autori:<\/strong><br \/><span>prof. Emil \u0160atali\u0107<\/span><br \/><span>prof. sc. Pavan dr. Jo\u0161ko<\/span><br \/><span>dr. med. Sanja Poga\u010di\u0107<\/span><\/p>\n<p><strong>Kontakt:<\/strong><br \/><span>bc. Livio Svr\u017enjak<\/span><br \/><span>mob:<\/span><span>\u00a0098-359-432<\/span><br \/><span>mail:<\/span><span>\u00a0livio.svrznjak@gmail.com<\/span><br \/><span>faks:<\/span><span>\u00a001\/ 6198-808<\/span><\/p>\n<p><b><a href=\"http:\/\/www.halmed.hr\/\" title=\"\" target=\"_blank\" rel=\"noopener\">Agencija za ljekove i medicinske proizvode HALMED<\/a><\/b><\/p>\n<p><b><a href=\"http:\/\/www.halmed.hr\/?ln=hr&amp;w=promet_lijekova&amp;d=opsirnije&amp;id=13149\" title=\"\" target=\"_blank\" rel=\"noopener\">Poveznicu na internetsku stranicu Agencije s podacima o pravnim i fizi\u010dkim osobama koje nude medicinske proizvode na daljinu pogledaj ovdje.<\/a><\/b><\/p>\n<p>[\/et_pb_text][et_pb_text _builder_version=&#8221;4.24.2&#8243; _module_preset=&#8221;default&#8221; hover_enabled=&#8221;0&#8243; locked=&#8221;off&#8221; global_colors_info=&#8221;{}&#8221; module_id=&#8221;eu-info&#8221; sticky_enabled=&#8221;0&#8243;]<\/p>\n<p>Na\u0161 projekt prepoznat je i od strane Ministarstva gospodarstva I odr\u017eivog razvoja koji nam je sufinancirao projekt izrade web stranice kroz \u201cNACIONALNI PLAN OPORAVKA I OTPORNOSTI REPUBLIKE HRVATSKE 2021 \u2013 2026\u201d.<\/p>\n<p>Naziv projekta: \u201cDigitalizacija poslovanja kroz ulaganje u aktivnosti digitalnog marketinga\u201d.<\/p>\n<p>Ukupan iznos projekta: 9.300,00 \u20ac<\/p>\n<p>Iznos EU potpore: 5.580,00 \u20ac<\/p>\n<p>Uvjereni smo da \u0107e I ovaj poticaj dodatno pridonijeti jo\u0161 boljoj digitalnoj vidljivosti te fleksibilnosti i kvaliteti na\u0161e usluge.<\/p>\n<p>[\/et_pb_text][\/et_pb_column][\/et_pb_row][\/et_pb_section]<\/p>\n","protected":false},"excerpt":{"rendered":"<p>ImpressumGlavni urednik:bc. Livio Svr\u017enjak, optometrist Ostali autori:prof. Emil \u0160atali\u0107prof. sc. Pavan dr. Jo\u0161kodr. med. Sanja Poga\u010di\u0107 Kontakt:bc. Livio Svr\u017enjakmob:\u00a0098-359-432mail:\u00a0livio.svrznjak@gmail.comfaks:\u00a001\/ 6198-808 Agencija za ljekove i medicinske proizvode HALMED Poveznicu na internetsku stranicu Agencije s podacima o pravnim i fizi\u010dkim osobama koje nude medicinske proizvode na daljinu pogledaj ovdje.Na\u0161 projekt prepoznat je i od strane Ministarstva gospodarstva [&hellip;]<\/p>\n","protected":false},"author":1,"featured_media":0,"parent":0,"menu_order":0,"comment_status":"closed","ping_status":"closed","template":"","meta":{"_acf_changed":false,"_et_pb_use_builder":"on","_et_pb_old_content":"","_et_gb_content_width":"","footnotes":""},"class_list":["post-2571","page","type-page","status-publish","hentry"],"acf":[],"yoast_head":"<!-- This site is optimized with the Yoast SEO plugin v23.6 - https:\/\/yoast.com\/wordpress\/plugins\/seo\/ -->\n<title>Impressum - Livision<\/title>\n<meta name=\"robots\" content=\"index, follow, max-snippet:-1, max-image-preview:large, max-video-preview:-1\" \/>\n<link rel=\"canonical\" href=\"https:\/\/livision-optika.com\/edukativni-centar\/impressum\/\" \/>\n<meta property=\"og:locale\" content=\"hr_HR\" \/>\n<meta property=\"og:type\" content=\"article\" \/>\n<meta property=\"og:title\" content=\"Impressum - Livision\" \/>\n<meta property=\"og:description\" content=\"ImpressumGlavni urednik:bc. Livio Svr\u017enjak, optometrist Ostali autori:prof. Emil \u0160atali\u0107prof. sc. Pavan dr. Jo\u0161kodr. med. Sanja Poga\u010di\u0107 Kontakt:bc. Livio Svr\u017enjakmob:\u00a0098-359-432mail:\u00a0livio.svrznjak@gmail.comfaks:\u00a001\/ 6198-808 Agencija za ljekove i medicinske proizvode HALMED Poveznicu na internetsku stranicu Agencije s podacima o pravnim i fizi\u010dkim osobama koje nude medicinske proizvode na daljinu pogledaj ovdje.Na\u0161 projekt prepoznat je i od strane Ministarstva gospodarstva [&hellip;]\" \/>\n<meta property=\"og:url\" content=\"https:\/\/livision-optika.com\/edukativni-centar\/impressum\/\" \/>\n<meta property=\"og:site_name\" content=\"Livision\" \/>\n<meta property=\"article:modified_time\" content=\"2024-12-05T09:39:17+00:00\" \/>\n<meta name=\"twitter:card\" content=\"summary_large_image\" \/>\n<script type=\"application\/ld+json\" class=\"yoast-schema-graph\">{\"@context\":\"https:\/\/schema.org\",\"@graph\":[{\"@type\":\"WebPage\",\"@id\":\"https:\/\/livision-optika.com\/edukativni-centar\/impressum\/\",\"url\":\"https:\/\/livision-optika.com\/edukativni-centar\/impressum\/\",\"name\":\"Impressum - Livision\",\"isPartOf\":{\"@id\":\"https:\/\/livision-optika.com\/edukativni-centar\/#website\"},\"datePublished\":\"2024-10-28T19:06:31+00:00\",\"dateModified\":\"2024-12-05T09:39:17+00:00\",\"breadcrumb\":{\"@id\":\"https:\/\/livision-optika.com\/edukativni-centar\/impressum\/#breadcrumb\"},\"inLanguage\":\"hr\",\"potentialAction\":[{\"@type\":\"ReadAction\",\"target\":[\"https:\/\/livision-optika.com\/edukativni-centar\/impressum\/\"]}]},{\"@type\":\"BreadcrumbList\",\"@id\":\"https:\/\/livision-optika.com\/edukativni-centar\/impressum\/#breadcrumb\",\"itemListElement\":[{\"@type\":\"ListItem\",\"position\":1,\"name\":\"Home\",\"item\":\"https:\/\/livision-optika.com\/edukativni-centar\/\"},{\"@type\":\"ListItem\",\"position\":2,\"name\":\"Impressum\"}]},{\"@type\":\"WebSite\",\"@id\":\"https:\/\/livision-optika.com\/edukativni-centar\/#website\",\"url\":\"https:\/\/livision-optika.com\/edukativni-centar\/\",\"name\":\"Livision portal\",\"description\":\"\",\"potentialAction\":[{\"@type\":\"SearchAction\",\"target\":{\"@type\":\"EntryPoint\",\"urlTemplate\":\"https:\/\/livision-optika.com\/edukativni-centar\/?s={search_term_string}\"},\"query-input\":{\"@type\":\"PropertyValueSpecification\",\"valueRequired\":true,\"valueName\":\"search_term_string\"}}],\"inLanguage\":\"hr\"}]}<\/script>\n<!-- \/ Yoast SEO plugin. -->","yoast_head_json":{"title":"Impressum - Livision","robots":{"index":"index","follow":"follow","max-snippet":"max-snippet:-1","max-image-preview":"max-image-preview:large","max-video-preview":"max-video-preview:-1"},"canonical":"https:\/\/livision-optika.com\/edukativni-centar\/impressum\/","og_locale":"hr_HR","og_type":"article","og_title":"Impressum - Livision","og_description":"ImpressumGlavni urednik:bc. Livio Svr\u017enjak, optometrist Ostali autori:prof. Emil \u0160atali\u0107prof. sc. Pavan dr. Jo\u0161kodr. med. Sanja Poga\u010di\u0107 Kontakt:bc. Livio Svr\u017enjakmob:\u00a0098-359-432mail:\u00a0livio.svrznjak@gmail.comfaks:\u00a001\/ 6198-808 Agencija za ljekove i medicinske proizvode HALMED Poveznicu na internetsku stranicu Agencije s podacima o pravnim i fizi\u010dkim osobama koje nude medicinske proizvode na daljinu pogledaj ovdje.Na\u0161 projekt prepoznat je i od strane Ministarstva gospodarstva [&hellip;]","og_url":"https:\/\/livision-optika.com\/edukativni-centar\/impressum\/","og_site_name":"Livision","article_modified_time":"2024-12-05T09:39:17+00:00","twitter_card":"summary_large_image","schema":{"@context":"https:\/\/schema.org","@graph":[{"@type":"WebPage","@id":"https:\/\/livision-optika.com\/edukativni-centar\/impressum\/","url":"https:\/\/livision-optika.com\/edukativni-centar\/impressum\/","name":"Impressum - Livision","isPartOf":{"@id":"https:\/\/livision-optika.com\/edukativni-centar\/#website"},"datePublished":"2024-10-28T19:06:31+00:00","dateModified":"2024-12-05T09:39:17+00:00","breadcrumb":{"@id":"https:\/\/livision-optika.com\/edukativni-centar\/impressum\/#breadcrumb"},"inLanguage":"hr","potentialAction":[{"@type":"ReadAction","target":["https:\/\/livision-optika.com\/edukativni-centar\/impressum\/"]}]},{"@type":"BreadcrumbList","@id":"https:\/\/livision-optika.com\/edukativni-centar\/impressum\/#breadcrumb","itemListElement":[{"@type":"ListItem","position":1,"name":"Home","item":"https:\/\/livision-optika.com\/edukativni-centar\/"},{"@type":"ListItem","position":2,"name":"Impressum"}]},{"@type":"WebSite","@id":"https:\/\/livision-optika.com\/edukativni-centar\/#website","url":"https:\/\/livision-optika.com\/edukativni-centar\/","name":"Livision portal","description":"","potentialAction":[{"@type":"SearchAction","target":{"@type":"EntryPoint","urlTemplate":"https:\/\/livision-optika.com\/edukativni-centar\/?s={search_term_string}"},"query-input":{"@type":"PropertyValueSpecification","valueRequired":true,"valueName":"search_term_string"}}],"inLanguage":"hr"}]}},"_links":{"self":[{"href":"https:\/\/livision-optika.com\/edukativni-centar\/wp-json\/wp\/v2\/pages\/2571","targetHints":{"allow":["GET"]}}],"collection":[{"href":"https:\/\/livision-optika.com\/edukativni-centar\/wp-json\/wp\/v2\/pages"}],"about":[{"href":"https:\/\/livision-optika.com\/edukativni-centar\/wp-json\/wp\/v2\/types\/page"}],"author":[{"embeddable":true,"href":"https:\/\/livision-optika.com\/edukativni-centar\/wp-json\/wp\/v2\/users\/1"}],"replies":[{"embeddable":true,"href":"https:\/\/livision-optika.com\/edukativni-centar\/wp-json\/wp\/v2\/comments?post=2571"}],"version-history":[{"count":11,"href":"https:\/\/livision-optika.com\/edukativni-centar\/wp-json\/wp\/v2\/pages\/2571\/revisions"}],"predecessor-version":[{"id":3226,"href":"https:\/\/livision-optika.com\/edukativni-centar\/wp-json\/wp\/v2\/pages\/2571\/revisions\/3226"}],"wp:attachment":[{"href":"https:\/\/livision-optika.com\/edukativni-centar\/wp-json\/wp\/v2\/media?parent=2571"}],"curies":[{"name":"wp","href":"https:\/\/api.w.org\/{rel}","templated":true}]}}